
7
Let z = 1 + -7. Suppose -8 = -3*s - 80. Let l = z - s. What is the highest common divisor of 6 and l?
6
Let a(w) = w**2 + 5*w. Let r = -11 - -5. Let i be a(r). What is the highest common factor of i and 3?
3
Let d(k) = k**2 + 2*k + 1. Let m be d(4). Let j = m + -14. Let g be ((-18)/(-4))/(4/88). Calculate the highest common divisor of j and g.
11
Suppose -2 = -4*b + 6. Suppose 0 = i + 3*v - 44, 4*i - 105 = -b*v + 31. Suppose j - 6*j + 240 = 0. Calculate the greatest common factor of i and j.
16
Let x be -18*(-1 + (-38)/4). Let c be 540/(-48)*24/(-10). Calculate the highest common divisor of x and c.
27
Let t(h) = -h**2 - 5*h - 2. Let c be t(-3). Suppose 0 = -5*o + 2*o + 18. Calculate the highest common divisor of o and c.
2
Let y(l) = l**3 - 6*l**2 - 3*l - 7. Let u be y(7). What is the highest common divisor of 147 and u?
21
Let l = 44 - 37. Calculate the highest common divisor of l and 1.
1
Let m(a) = -a**3 - 6*a**2 + 6*a + 2. Let o be m(-7). What is the greatest common factor of o and 27?
9
Suppose -2*d - 1 = 7. Let t be (-2 - 0) + (2 - d). Let c be 3/(15/(-4))*-35. Calculate the highest common factor of t and c.
4
Suppose -a - g + 9 = 0, 4*g = a + 12 + 4. Suppose -1 = 3*n - 4*h + 3, 0 = -2*n + 2*h. Calculate the highest common divisor of a and n.
4
Suppose -3*z - 4 = -100. Let q be (1/2 - -3)*2. Let r = q + z. Calculate the greatest common divisor of r and 26.
13
Let c(f) = 2*f**2 - 5*f + 2. Let u be c(4). Let n be (-4)/u + 144/14. What is the highest common divisor of n and 25?
5
Let p be ((-96)/(-10))/((-6)/(-40)). What is the greatest common factor of p and 32?
32
Suppose 4*x - 2*t - 8 = -x, -1 = 2*x - 5*t. Suppose -5*o + x*v + 323 = 4*v, 4*v = -4. What is the highest common factor of o and 13?
13
Let d(b) = -b**3 - 5*b**2 - 12*b - 15. Let o be d(-3). Calculate the highest common factor of 7 and o.
1
Suppose -m + 24 = 4*v, -v = 5*m - 62 - 20. Suppose 2*i - b + 42 = 2*b, 2*i + b + 26 = 0. Let d = i - -17. What is the highest common divisor of d and m?
2
Let l = 10 + 5. Let s be 18/(-2) - (3 - 3). Let x(g) = g**2 + 8*g + 6. Let h be x(s). What is the highest common divisor of l and h?
15
Let k = -4 + 3. Let r(n) = -2*n**3 + n + 1. Let u be r(k). Suppose 2*g = 14 - 4. What is the highest common divisor of u and g?
1
Suppose -8 = o - 5*o. Suppose p - 38 = 2*l + o*l, 0 = -p + l + 41. Let w = 15 + p. Calculate the highest common divisor of 19 and w.
19
Let q be (-10)/(-14) + (-10)/(-35). Suppose -2*s = 4*x - 2, s + x = -3*x + 1. Calculate the greatest common divisor of q and s.
1
Let r be 2 + 1/(-1) + 4. Suppose 2*p = -r*x + 71, 0 = 2*p + p - x - 149. Let v be -8*(-7 - 100/(-16)). What is the highest common divisor of v and p?
6
Let q be (-1)/4 - 35/20. Let k be q/(1 - (-15)/(-12)). Suppose -k = -2*g + 12. Calculate the highest common divisor of g and 40.
10
Let j = 13 - -11. Suppose 0 = 3*v - 7*v + 20. Let u be 192/(-10)*v/(-1). What is the greatest common divisor of j and u?
24
Suppose -2*h = -11 - 1. Suppose m + 5*p + 27 = 0, 4*p + 15 = -m - 8. Let u = m - -13. What is the highest common divisor of h and u?
6
Suppose -4*h - 6 = 10. Let n be (-2)/1*22/h. Calculate the greatest common divisor of 77 and n.
11
Let b(a) = -a + 7. Let d be b(-10). Calculate the highest common divisor of 119 and d.
17
Let x = 21 - -34. Calculate the greatest common divisor of 11 and x.
11
Suppose 36*p - 9*p = 2025. Calculate the greatest common factor of p and 15.
15
Suppose -5*r - 3*h + 81 = -r, 5*r = -3*h + 105. What is the highest common divisor of 72 and r?
24
Suppose 5*i = -2*g - 0*i + 68, -4*g + 196 = -5*i. Suppose 0 = 2*c - 6 - 2. What is the greatest common factor of g and c?
4
Suppose -4*y = 4*o - y - 85, -42 = -3*o + 5*y. Let g = o - 7. Calculate the highest common factor of 12 and g.
12
Suppose -2 = -s, -2*y + 2*s + 86 = -70. Calculate the highest common divisor of 8 and y.
8
Suppose -5*p + 2*t = -0*t - 171, -p + 39 = -2*t. Let h = 1 + p. Calculate the greatest common divisor of 51 and h.
17
Let f = -4 - -1. Let s(t) = -5*t**3 - 2*t + 2. Let y be s(f). Calculate the greatest common factor of y and 13.
13
Let v be (540/25)/((-2)/(-15)). What is the highest common factor of 18 and v?
18
Let q(f) = 18*f**2 + 4*f - 16. Let r be q(-5). Calculate the highest common factor of 46 and r.
46
Let f(j) = -2*j. Let i(s) = 4*s. Let o(p) = -7*f(p) - 4*i(p). Let v be o(-1). Calculate the highest common divisor of 18 and v.
2
Let c = 92 - 60. Let g = c + -13. What is the highest common factor of 19 and g?
19
Let b(f) = f**2 - 10*f + 2. Let w be b(10). Suppose -3*g = w*g - 125. Calculate the highest common divisor of g and 5.
5
Suppose -2*c + 6*c = 680. What is the greatest common divisor of c and 68?
34
Let c = 21 - -9. Calculate the greatest common factor of c and 60.
30
Suppose 4*t = -2*i - 16, 19 = -2*i - 2*t + 5. Let n be (-6 - -5)/(2/i). Calculate the highest common factor of 9 and n.
3
Suppose -28 = -k - 3*k. Calculate the greatest common divisor of k and 35.
7
Let z be (1 - (-2 + 4)) + 7. Let x = 6 - 2. Calculate the highest common divisor of x and z.
2
Let d(s) be the first derivative of -1/3*s**3 + 7*s - 2 - 1/2*s**2 + 1/4*s**4. Let f be d(0). Calculate the greatest common divisor of f and 35.
7
Let p(i) = -i - 9. Let k be p(-9). Suppose k = 3*g - 4*g + 4. Let c be 1*9/3 + g. Calculate the greatest common divisor of c and 63.
7
Suppose -x = -7*x + 42. What is the greatest common factor of 7 and x?
7
Let n(x) = -6*x**3 + 2*x**2 - 1. Let l be n(-1). Let s = 0 + 7. What is the highest common factor of l and s?
7
Let o be (0 - -1*17) + -1. Let s = -308 - -472. Suppose 0 = 5*c - s - 236. Calculate the greatest common factor of c and o.
16
Let q be -26*(-3 - -2)*1. What is the greatest common factor of 26 and q?
26
Let y(p) = p**2 - 3*p. Let q be y(3). Suppose -w - 5*x = -q*w - 65, -x = -1. What is the greatest common divisor of w and 24?
12
Let j(g) be the second derivative of g**4/4 - 11*g**3/6 + 7*g**2 + 9*g. Let m be j(6). Calculate the greatest common factor of m and 8.
8
Let s be 55*((-44)/20 - -4). Calculate the highest common divisor of 18 and s.
9
Let u = -3 - 1. Let m(j) = -j**2 + j. Let w be m(u). Let n be (16 - -5)*w/(-6). What is the highest common divisor of n and 28?
14
Suppose 0*o + 23 = 5*o - 3*h, -5*h - 21 = -4*o. Suppose -9*m + 140 = -o*m. Calculate the highest common divisor of 70 and m.
14
Let r be (-3)/2*(0 + 14). Let v be -57*(r/9 + 2). Suppose 0 = 5*s - 5*y - 5, 5*s + 4*y - v = 2*y. Calculate the highest common factor of 3 and s.
3
Let h(d) = d + 12. Let u be h(-7). What is the greatest common factor of 1 and u?
1
Let d = -4 + 10. Let h be d/9 - 52/(-3). Calculate the greatest common factor of 9 and h.
9
Suppose -x = -2*x + 1. Suppose j = 36 - x. Calculate the greatest common divisor of 5 and j.
5
Let i(u) = u**3 - u**2 + u + 55. Let d be 0/(0 - (-3 + 1)). Let n be i(d). What is the highest common factor of 5 and n?
5
Suppose -m = -b - b - 15, 0 = 2*b + 5*m - 15. Let y = 7 + b. Suppose 2*u = y + 2. What is the highest common factor of 1 and u?
1
Suppose 2*s + 10 = 2*b, 4*b + 0*s = 2*s + 18. Let g be 3*b/6 + 4. Let h be 62 + 0 + -2*1. Calculate the greatest common factor of g and h.
6
Let p be 5 - ((-1)/(-2))/((-2)/4). Calculate the highest common divisor of 48 and p.
6
Let u(p) = p**3 + p**2 - p - 3. Let n be u(3). What is the highest common factor of n and 6?
6
Let h(o) = -o**3 - 10*o**2 + 15*o - 2. Let x be h(-13). Let w = x - 220. Calculate the greatest common divisor of w and 36.
18
Suppose 0 = p - 0*p + 6. Let j be (-2)/6 - 53/3. Let v be p*(-3)/(j/(-4)). What is the highest common divisor of 8 and v?
4
Let w = 5 + 16. Suppose -11 - w = -4*f. Let a = 121 - 65. What is the highest common divisor of a and f?
8
Suppose -2*p + 7*p - 20 = 0, -3*p = -2*h. What is the highest common divisor of 48 and h?
6
Suppose -2*x = 3*x - 20. Let p be x/(-6) + (-5316)/(-9). Suppose 5*k = -g + p, 2*k = -k + 5*g + 326. What is the highest common divisor of 13 and k?
13
Let a be 10/4 - 6/(-12). Suppose -t = 4*j - 11, -5*j + 28 = -a*j - 4*t. What is the highest common factor of 6 and j?
2
Let k(z) = z**2 + 5*z - 6. Let c be k(-7). Let r(u) = u**3 + 13*u**2 + 12*u + 2. Let l be r(-12). Calculate the greatest common divisor of c and l.
2
Let y be (-2 + -3 